?
3
What is the remainder when 151 is divided by 14?
11
Calculate the remainder when 158 is divided by 16.
14
What is the remainder when 128 is divided by 6?
2
What is the remainder when 5734 is divided by 31?
30
Calculate the remainder when 11970 is divided by 41.
39
Calculate the remainder when 355 is divided by 48.
19
Calculate the remainder when 730 is divided by 181.
6
What is the remainder when 184 is divided by 19?
13
Calculate the remainder when 798 is divided by 100.
98
What is the remainder when 270 is divided by 13?
10
Calculate the remainder when 153 is divided by 12.
9
What is the remainder when 21753 is divided by 37?
34
What is the remainder when 106 is divided by 24?
10
What is the remainder when 1135 is divided by 41?
28
Calculate the remainder when 90 is divided by 71.
19
What is the remainder when 116 is divided by 111?
5
Calculate the remainder when 1021 is divided by 114.
109
Calculate the remainder when 562 is divided by 12.
10
What is the remainder when 110 is divided by 36?
2
Calculate the remainder when 503 is divided by 23.
20
What is the remainder when 282 is divided by 39?
9
Calculate the remainder when 51 is divided by 4.
3
What is the remainder when 96 is divided by 28?
12
Calculate the remainder when 204 is divided by 63.
15
Calculate the remainder when 473 is divided by 126.
95
What is the remainder when 258 is divided by 65?
63
Calculate the remainder when 121 is divided by 14.
9
What is the remainder when 149 is divided by 65?
19
What is the remainder when 4050 is divided by 193?
190
What is the remainder when 283 is divided by 250?
33
What is the remainder when 375 is divided by 94?
93
What is the remainder when 321 is divided by 30?
21
Calculate the remainder when 253 is divided by 68.
49
What is the remainder when 102 is divided by 31?
9
What is the remainder when 5584 is divided by 37?
34
Calculate the remainder when 1077 is divided by 155.
147
What is the remainder when 212 is divided by 8?
4
Calculate the remainder when 63 is divided by 61.
2
What is the remainder when 13 is divided by 4?
1
What is the remainder when 1217 is divided by 405?
2
What is the remainder when 14247 is divided by 25?
22
Calculate the remainder when 31 is divided by 31.
0
What is the remainder when 4659 is divided by 10?
9
Calculate the remainder when 15640 is divided by 237.
235
What is the remainder when 302 is divided by 34?
30
What is the remainder when 6114 is divided by 90?
84
What is the remainder when 141 is divided by 9?
6
Calculate the remainder when 407 is divided by 134.
5
What is the remainder when 1494 is divided by 60?
54
Calculate the remainder when 4216 is divided by 74.
72
Calculate the remainder when 199 is divided by 87.
25
Calculate the remainder when 167 is divided by 14.
13
Calculate the remainder when 181 is divided by 61.
59
Calculate the remainder when 293 is divided by 11.
7
Calculate the remainder when 443 is divided by 48.
11
Calculate the remainder when 581 is divided by 301.
280
Calculate the remainder when 89 is divided by 13.
11
What is the remainder when 517 is divided by 132?
121
Calculate the remainder when 165 is divided by 24.
21
What is the remainder when 965 is divided by 138?
137
What is the remainder when 58 is divided by 17?
7
Calculate the remainder when 7093 is divided by 11.
9
What is the remainder when 446 is divided by 50?
46
What is the remainder when 221 is divided by 136?
85
What is the remainder when 819 is divided by 20?
19
What is the remainder when 22 is divided by 10?
2
Calculate the remainder when 547 is divided by 29.
25
What is the remainder when 163 is divided by 56?
51
Calculate the remainder when 200 is divided by 29.
26
Calculate the remainder when 1302 is divided by 145.
142
Calculate the remainder when 738 is divided by 365.
8
Calculate the remainder when 1509 is divided by 36.
33
What is the remainder when 970 is divided by 7?
4
What is the remainder when 14717 is divided by 66?
65
Calculate the remainder when 2697 is divided by 12.
9
Calculate the remainder when 135 is divided by 3.
0
Calculate the remainder when 472 is divided by 125.
97
Calculate the remainder when 942 is divided by 43.
39
What is the remainder when 840 is divided by 121?
114
Calculate the remainder when 87 is divided by 40.
7
What is the remainder when 3193 is divided by 92?
65
Calculate the remainder when 4455 is divided by 127.
10
What is the remainder when 138 is divided by 71?
67
What is the remainder when 10635 is divided by 35?
30
Calculate the remainder when 891 is divided by 140.
51
Calculate the remainder when 897 is divided by 70.
57
What is the remainder when 1456 is divided by 54?
52
Calculate the remainder when 4597 is divided by 23.
20
What is the remainder when 361 is divided by 326?
35
Calculate the remainder when 73 is divided by 48.
25
Calculate the remainder when 98 is divided by 20.
18
Calculate the remainder when 425 is divided by 39.
35
Calculate the remainder when 3993 is divided by 12.
9
Calculate the remainder when 556 is divided by 13.
10
Calculate the remainder when 137 is divided by 107.
30
Calculate the remainder when 834 is divided by 287.
260
What is the remainder when 274 is divided by 91?
1
What is the remainder when 901 is divided by 221?
17
Calculate the remainder when 9 is divided by 2.
1
Calculate the remainder when 207 is divided by 19.
17
What is the remainder when 41 is divided by 17?
7
What is the remainder when 4234 is divided by 11?
10
What is the remainder when 1974 is divided by 52?
50
What is the remainder when 278 is divided by 143?
135
What is the remainder when 224 is divided by 76?
72
What is the remainder when 39 is divided by 10?
9
What is the remainder when 1190 is divided by 75?
65
What is the remainder when 47 is divided by 16?
15
Calculate the remainder when 89 is divided by 26.
11
Calculate the remainder when 417 is divided by 49.
25
What is the remainder when 231 is divided by 115?
1
What is the remainder when 130 is divided by 16?
2
Calculate the remainder when 106 is divided by 53.
0
What is the remainder when 140 is divided by 42?
14
Calculate the remainder when 686 is divided by 318.
50
Calculate the remainder when 39 is divided by 25.
14
Calculate the remainder when 98618 is divided by 10.
8
Calculate the remainder when 551 is divided by 189.
173
Calculate the remainder when 643 is divided by 54.
49
Calculate the remainder when 158 is divided by 32.
30
What is the remainder when 15 is divided by 6?
3
What is the remainder when 27 is divided by 10?
7
What is the remainder when 35 is divided by 4?
3
Calculate the remainder when 1478 is divided by 8.
6
Calculate the remainder when 1139 is divided by 57.
56
What is the remainder when 111 is divided by 28?
27
Calculate the remainder when 961 is divided by 74.
73
What is the remainder when 922 is divided by 9?
4
What is the remainder when 137 is divided by 31?
13
What is the remainder when 2359 is divided by 138?
13
Calculate the remainder when 25 is divided by 15.
10
Calculate the remainder when 242 is divided by 49.
46
What is the remainder when 1378 is divided by 680?
18
Calculate the remainder when 1059 is divided by 59.
56
Calculate the remainder when 63 is divided by 16.
15
What is the remainder when 5734 is divided by 31?
30
Calculate the remainder when 131 is divided by 34.
29
Calculate the remainder when 167 is divided by 29.
22
What is the remainder when 226 is divided by 220?
6
Calculate the remainder when 74 is divided by 3.
2
What is the remainder when 540 is divided by 26?
20
Calculate the remainder when 7049 is divided by 282.
281
What is the remainder when 561 is divided by 561?
0
Calculate the remainder when 37 is divided by 30.
7
What is the remainder when 2117 is divided by 176?
5
What is the remainder when 366 is divided by 114?
24
Calculate the remainder when 901 is divided by 127.
12
Calculate the remainder when 611 is divided by 18.
17
What is the remainder when 260 is divided by 51?
5
Calculate the remainder when 79 is divided by 45.
34
Calculate the remainder when 175 is divided by 170.
5
Calculate the remainder when 418 is divided by 70.
68
What is the remainder when 99 is divided by 32?
3
What is the remainder when 5265 is divided by 37?
11
Calculate the re